 is the remainder when 16 is divided by g?
1
Suppose -5*j - 9 = -19. What is the remainder when (930/18 - j)*6 is divided by 43?
40
Let x(s) = 5*s**2 - 9*s - 3. Calculate the remainder when x(9) is divided by 104.
9
Suppose 0 = -m - 4*m - 1415. Let u = 460 + m. Calculate the remainder when u is divided by 30.
27
Let h(r) = r**3 - 3*r**2 + r - 1. Let y be h(2). Calculate the remainder when (-6957)/(-30) + y/(-30) is divided by 59.
55
What is the remainder when (1 + 12/(-20))*95 is divided by -1 - (-2 + 5 - 17)?
12
Suppose -140 = -10*u + 3*u. Let q(r) = r**3 - 19*r**2 - 18*r - 28. Calculate the remainder when 46 is divided by q(u).
10
What is the remainder when 122 is divided by 8*(8 + (-315)/56)?
8
Let f be 4*(10/8 + 0). Let p = -56 + 61. What is the remainder when 93 is divided by -2 - f/(p/(-26))?
21
Let i(z) = 4*z - 19. Let u be i(6). Suppose -2*f = 5*m - 13, 5*m + f - u - 9 = 0. Calculate the remainder when 13 is divided by m.
1
Let s(x) = 57*x - 37. Let v(y) = -14*y + 9. Let u(h) = -2*s(h) - 9*v(h). Suppose 4*i - 29 - 35 = 0. What is the remainder when u(3) is divided by i?
13
Suppose -7*t = -149 - 250. Suppose 3*d + 2*z = t, 2*z - 1 = 5. Suppose q = 35 + 49. What is the remainder when q is divided by d?
16
Let c(n) = -n**3 + 7*n**2 + 10*n - 12. Let v(u) = 26*u - 250. What is the remainder when v(10) is divided by c(8)?
2
Let h(k) = 15*k - 3. Let o be h(3). What is the remainder when 440/6 - (-28)/o is divided by 15?
14
Let r(g) = g**3 + 17*g**2 + 13*g - 37. Let j be r(-15). Suppose -4*t = 10 - j. Calculate the remainder when t is divided by 11.
8
Let l be (-2 + 3)/(5/10). Suppose -l*h - 4 = 0, h = -4*v - 3*h + 96. Suppose 0*n + 36 = 4*n. Calculate the remainder when v is divided by n.
8
Let o = 1258 + -1255. Calculate the remainder when 29 is divided by o.
2
Let y = -18 + 22. Suppose -4*a - 6 = -j, y*a + 1 = 5*a. Suppose 10*q - j = 5*q. What is the remainder when q is divided by 2?
0
Let t = 66 + -42. Calculate the remainder when 71 is divided by t.
23
Suppose -6*u = -37 + 7. Suppose -x + u*s + 7 - 1 = 0, -x - 2*s + 6 = 0. What is the remainder when 10 is divided by (x/(-8))/((-10)/80)?
4
Suppose 34 = 3*f + 19. Suppose -5*c - f = 0, 0 = 5*v - 4*c + c - 303. Calculate the remainder when v is divided by 16.
12
Suppose 120 = 181*c - 175*c. What is the remainder when c is divided by 6?
2
Let a be (1/3)/((-11)/(-99)). Suppose 21 = a*n - 3*y, 0*n + n + 1 = 3*y. What is the remainder when n is divided by 4/(-22) + (-92)/(-22)?
3
Let a = 316 - 248. What is the remainder when a is divided by 18?
14
Let y(x) = -27*x - 216. Calculate the remainder when y(-12) is divided by 16.
12
Suppose -3*p - u = -0*p - 36, 2*p - 5*u = 24. Suppose 24 = 3*z + f + 2*f, p = -z + 4*f. Suppose -317 = -z*n - 65. What is the remainder when n is divided by 16?
15
Let u(o) = -2*o + 63. Calculate the remainder when u(25) is divided by 10.
3
Let j = -1 + 31. Let r = 44 - j. What is the remainder when r is divided by (-8)/(-60)*31 + 14/(-105)?
2
Let a be 3/1*((-110)/6 - -4). Let h = 47 + a. What is the remainder when 12 is divided by h?
0
Let j(u) = 11*u - 207. What is the remainder when j(27) is divided by 23?
21
Suppose 2*j + 0 = 4. Suppose 0 = 5*u + 6*k - j*k - 448, 0 = -4*k + 8. Suppose 0 = -3*i + 4*i - 30. Calculate the remainder when u is divided by i.
28
Let z(j) = -22*j + 7. Let b(l) = 11*l - 3. Let o(f) = -5*b(f) - 3*z(f). What is the remainder when o(6) is divided by 21?
18
Suppose -173 = -5*i - 48. What is the remainder when 34 + -30 + (70 - 2) is divided by i?
22
Let s = -19 + 28. Let k(q) = q**2 + 24. Let r be k(0). Let h = r - 21. What is the remainder when s is divided by h?
0
Let g = -91 - -128. Let o(a) = 3*a**2 - a. Let d be o(1). Calculate the remainder when g is divided by 2 + 9 - (3 - d).
7
Suppose -b + j + 333 + 425 = 0, 2*j - 3002 = -4*b. Calculate the remainder when b is divided by 63.
60
Let y = 61 - 32. Let t = -52 + 59. Suppose 61 - t = 4*s - 5*d, 5*s = 2*d + 76. Calculate the remainder when y is divided by s.
13
Suppose -2*p + 66 + 8 = 0. Calculate the remainder when p is divided by 13.
11
Calculate the remainder when 212 is divided by 1/(-1) + 14 + 140/(-140).
8
Suppose 3*i + 18 = 6*i. Let t(v) = 4*v - 7*v - i*v - 1. Calculate the remainder when 51 is divided by t(-3).
25
Let c(p) be the second derivative of p**5/20 - 3*p**4/4 + p**3/6 + 3*p**2 - 17*p. What is the remainder when c(9) is divided by 6?
3
Suppose 0 = -5*y + 4*g - 516 + 1530, 5 = -5*g. Calculate the remainder when y is divided by 63.
13
Let c(q) = -9*q - 4. Let y be c(-2). Calculate the remainder when y/35 + (-686)/(-10) is divided by 18.
15
Let s be (8/20)/((-3)/30). Let f(j) = j**3 + 5*j**2 + j - 10. Calculate the remainder when 17 is divided by f(s).
1
Let t = -1007 + 1038. What is the remainder when 115 is divided by t?
22
Suppose -3*d + 10 = -2*b, -3*b + 6 = d - 2*d. What is the remainder when 32 is divided by d?
2
Let v(s) = 14*s - 11 - s**3 - 18 - 22 + 4*s**2 + 33. What is the remainder when v(4) is divided by 14?
10
Let v(j) = j**2 + 18*j - 37. Let f = 109 + -69. Calculate the remainder when ((-10)/f)/(1/(-20)) is divided by v(-20).
2
Let c = 128 + 39. What is the remainder when c is divided by 87?
80
Calculate the remainder when 1/4 - 90354/(-88) is divided by 49.
47
Let a(w) = -2*w**3 - 4*w**2 - 5. Let q be (32/4)/(-4)*2. Calculate the remainder when a(q) is divided by 31.
28
Let j(m) = 2*m - 12. Let g(l) = -l + 1. Let i(x) = x**2 + 6*x - 8. Let t be i(-6). Let k be g(t). What is the remainder when 21 is divided by j(k)?
3
Let t(u) = u**2 + 12*u - 9. Let p be t(10). Suppose 0 = f - p + 184. What is the remainder when f is divided by 10?
7
Suppose 3*c + 1090 = -4*o + 2673, 0 = -5*o + 3*c + 1972. What is the remainder when o is divided by 44?
43
Let c = -505 + 532. Suppose -p - 4 = -5*m, 0 = 2*m - 3*p - 4 - 8. Suppose j + w - 18 = m, 2*j - 4*j - 5*w = -42. Calculate the remainder when c is divided by j.
11
Suppose -4*p + 48 = -0*p. Let o = 5 - -113. Calculate the remainder when o is divided by p.
10
Let c = 17 - 7. Let f be (-312)/(-30)*c/4. What is the remainder when (-1)/(2/f*-1) is divided by 8?
5
Let g(u) = 4*u**2 + 6*u - 9. Let x(w) = w**2 - 3*w + 4. Let s be x(2). What is the remainder when 53 is divided by g(s)?
15
Suppose 0 = -3*a - k + 67, -36*a + 4*k = -31*a - 123. Calculate the remainder when a is divided by 19.
4
Suppose 4*r = -5*u + 155, -123 = 16*u - 20*u - 3*r. Calculate the remainder when u is divided by 13.
1
Let z(o) = 11*o + 8. Let i be z(-3). Let u = -11 - i. Calculate the remainder when 68 is divided by u.
12
Suppose w - 71 - 7 = 2*q, -4*q = -4*w + 148. Let t = 55 + q. What is the remainder when (-3 + 6)/(2/18) is divided by t?
13
Let i(p) = -11*p - 6. Let n(f) = f**3 + 7*f**2 - 7*f - 6. Calculate the remainder when n(-5) is divided by i(-3).
25
Let b(h) = 2*h**2 - 2*h + 1. What is the remainder when 16 is divided by b(3)?
3
Let o = 43 - 9. Let w = o - 29. Suppose w*p - 3*p + 5*g = 27, p = -5*g + 16. Calculate the remainder when p is divided by 8.
3
Let t(f) = 16*f - 26. Calculate the remainder when t(2) is divided by 4.
2
Suppose -z - 4*w = -1, -4*w + 24 = 5*z - 29. Calculate the remainder when 259 is divided by z.
12
Let h(r) = -108*r - 2789. What is the remainder when h(-26) is divided by ((-20)/6)/(1/(-3))?
9
Let k be ((-12)/(-30))/(1/100). Suppose -25 - 105 = -5*f. Calculate the remainder when ((-304)/k)/(1/(-10) - 0) is divided by f.
24
Let y(z) = 2*z**3 - 19*z**2 - 9*z - 10. Let g be y(10). Suppose a + 306 = 5*b, b + 2*a + g*a = 59. What is the remainder when b is divided by 16?
13
Let z = 11 - 1. Let i be -9*4*(-4)/24. Suppose -6 = -i*n + 4*n. Calculate the remainder when z is divided by n.
1
Suppose -12*o + 544 - 112 = 0. What is the remainder when o is divided by 15?
6
Suppose 4*a = 3*a + 5. Suppose 3*r + a*m - 99 = 107, -r + 3*m + 92 = 0. What is the remainder when r is divided by 39?
38
Let c(g) = -g**3 - 4*g**2 + g + 6. Let b be c(-3). What is the remainder when 104 is divided by ((-2)/b)/(1/105)?
34
Suppose 0 = 3*h - 5*u - 38 - 14, -21 = -4*h - 3*u. Suppose 25*c - 578 = -9*c. What is the remainder when c is divided by h?
8
Let m(d) = -23*d - 419. What is the remainder when 3473 is divided by m(-19)?
17
Suppose 2127*f - 2126*f = 61. Calcu